 244 (base 7) to base 14.
94
Convert 101 (base 4) to base 3.
122
Convert -100 (base 3) to base 10.
-9
Convert -11 (base 4) to base 7.
-5
Convert 2 (base 4) to base 14.
2
What is 56 (base 14) in base 4?
1030
What is -5 (base 16) in base 11?
-5
What is 2202 (base 3) in base 11?
68
What is 118 (base 9) in base 7?
200
0 (base 4) to base 13
0
-22 (base 6) to base 13
-11
What is -27 (base 8) in base 2?
-10111
a (base 14) to base 4
22
-7 (base 16) to base 15
-7
11000 (base 2) to base 11
22
1001 (base 3) to base 8
34
Convert -3 (base 6) to base 10.
-3
-101 (base 3) to base 11
-a
Convert 1 (base 6) to base 10.
1
What is -a (base 15) in base 3?
-101
171 (base 9) to base 7
265
What is 112 (base 7) in base 3?
2011
What is 111 (base 5) in base 12?
27
What is -3 (base 16) in base 7?
-3
-111 (base 3) to base 9
-14
Convert -cd (base 15) to base 4.
-3001
What is 100 (base 2) in base 14?
4
Convert -4 (base 13) to base 6.
-4
Convert 1 (base 8) to base 2.
1
Convert -1b (base 15) to base 5.
-101
What is 2 (base 5) in base 7?
2
9 (base 12) to base 11
9
0 (base 14) to base 4
0
What is -14 (base 5) in base 10?
-9
What is b6 (base 12) in base 11?
116
What is -12 (base 15) in base 14?
-13
Convert 13 (base 9) to base 7.
15
What is -42 (base 6) in base 13?
-20
Convert 3 (base 13) to base 10.
3
0 (base 4) to base 16
0
What is -c1 (base 15) in base 8?
-265
-118 (base 9) to base 6
-242
Convert 2 (base 8) to base 4.
2
What is -6 (base 7) in base 5?
-11
-1 (base 5) to base 16
-1
Convert 27 (base 10) to base 6.
43
What is 0 (base 6) in base 14?
0
Convert -1423 (base 5) to base 8.
-356
Convert -1 (base 4) to base 16.
-1
11 (base 9) to base 3
101
What is 21 (base 9) in base 8?
23
Convert 6 (base 8) to base 11.
6
What is 6 (base 15) in base 16?
6
3 (base 13) to base 15
3
Convert 32 (base 5) to base 12.
15
What is 6 (base 8) in base 5?
11
-5 (base 6) to base 10
-5
1 (base 5) to base 16
1
What is 220 (base 3) in base 13?
1b
-50 (base 11) to base 8
-67
30 (base 11) to base 9
36
What is -212 (base 3) in base 15?
-18
21 (base 16) to base 3
1020
-b (base 13) to base 5
-21
Convert -2 (base 16) to base 12.
-2
What is 0 (base 14) in base 6?
0
211 (base 6) to base 3
2221
What is -189 (base 10) in base 7?
-360
What is -10 (base 14) in base 15?
-e
-50 (base 10) to base 16
-32
1 (base 4) to base 15
1
What is 1 (base 16) in base 7?
1
Convert -8 (base 14) to base 5.
-13
Convert 203 (base 4) to base 10.
35
What is 1 (base 7) in base 12?
1
-65 (base 11) to base 12
-5b
What is 110 (base 2) in base 3?
20
-110 (base 2) to base 7
-6
21 (base 14) to base 15
1e
Convert -34 (base 11) to base 2.
-100101
What is 12 (base 10) in base 4?
30
-101 (base 14) to base 5
-1242
What is 15 (base 9) in base 6?
22
What is 1 (base 14) in base 7?
1
13 (base 4) to base 3
21
Convert -1 (base 12) to base 14.
-1
Convert 3 (base 9) to base 7.
3
What is 45 (base 15) in base 13?
50
-2 (base 11) to base 15
-2
5a (base 11) to base 10
65
Convert 42 (base 7) to base 16.
1e
511 (base 8) to base 15
16e
What is -121 (base 8) in base 15?
-56
Convert 20 (base 5) to base 9.
11
-101120 (base 3) to base 11
-23a
What is 1 (base 2) in base 12?
1
What is 2 (base 10) in base 12?
2
What is 20 (base 3) in base 9?
6
-1 (base 3) to base 5
-1
What is -3 (base 6) in base 16?
-3
-264 (base 8) to base 6
-500
Convert 163 (base 10) to base 8.
243
-18 (base 14) to base 10
-22
What is 7 (base 16) in base 12?
7
2100 (base 3) to base 4
333
What is -1 (base 3) in base 11?
-1
1 (base 6) to base 10
1
What is 13 (base 9) in base 4?
30
-22 (base 5) to base 14
-c
What is 21 (base 8) in base 7?
23
-10 (base 2) to base 9
-2
What is 12 (base 14) in base 11?
15
What is -140 (base 6) in base 7?
-114
Convert -66 (base 15) to base 13.
-75
What is -223 (base 6) in base 9?
-106
Convert 12 (base 4) to base 8.
6
Convert 0 (base 9) to base 3.
0
11 (base 14) to base 4
33
Convert 10 (base 2) to base 15.
2
-19 (base 16) to base 7
-34
-23 (base 4) to base 13
-b
What is 0 (base 7) in base 3?
0
-34 (base 5) to base 9
-21
Convert -5 (base 13) to base 11.
-5
What is -3 (base 15) in base 9?
-3
155 (base 7) to base 12
75
Convert -210 (base 4) to base 3.
-1100
b (base 15) to base 2
1011
What is 2 (base 7) in base 8?
2
Convert 176 (base 11) to base 3.
21120
What is 6 (base 7) in base 9?
6
Convert 30 (base 4) to base 3.
110
Convert -24 (base 9) to base 8.
-26
2 (base 16) to base 7
2
What is -3 (base 5) in base 12?
-3
Convert -3 (base 6) to base 7.
-3
Convert -101 (base 6) to base 8.
-45
What is 101 (base 4) in base 14?
13
Convert 14 (base 6) to base 12.
a
Convert 22 (base 8) to base 2.
10010
-8 (base 14) to base 3
-22
15 (base 15) to base 4
110
23 (base 11) to base 6
41
-12 (base 8) to base 12
-a
113 (base 5) to base 3
1020
Convert 14 (base 12) to base 15.
11
Convert -1 (base 5) to base 6.
-1
What is 2 (base 3) in base 15?
2
-24 (base 8) to base 3
-202
Convert 10 (base 8) to base 2.
1000
Convert -120 (base 4) to base 14.
-1a
-4 (base 8) to base 2
-100
Convert -11 (base 12) to base 5.
-23
12 (base 4) to base 13
6
Convert 2 (base 16) to base 10.
2
What is -1 (base 7) in base 8?
-1
Convert 3 (base 16) to base 6.
3
What is 31 (base 12) in base 11?
34
What is ce (base 15) in base 7?
365
What is 78 (base 15) in base 13?
89
-144 (base 14) to base 9
-314
5 (base 11) to base 6
5
15 (base 15) to base 8
24
Convert -24 (base 10) to base 9.
-26
What is 11 (base 7) in base 14?
8
Convert -38 (base 11) to base 4.
-221
-22 (base 3) to base 11
-8
Convert 11 (base 2) to base 6.
3
What is -1 (base 7) in base 5?
-1
Convert -4b (base 13) to base 12.
-53
What is -3 (base 6) in base 13?
-3
Convert -24 (base 5) to base 11.
-13
333 (base 8) to base 2
11011011
19 (base 14) to base 9
25
What is -20 (base 11) in base 16?
-16
-1b (base 12) to base 4
-113
37 (base 15) to base 12
44
Convert 113 (base 16) to base 3.
101012
-2 (base 15) to base 11
-2
1b (base 12) to base 13
1a
1212 (base 3) to base 4
302
1a (base 15) to base 4
121
2 (base 6) to base 15
2
What is 1 (base 12) in base 16?
1
Convert -3 (base 10) to base 13.
-3
57 (base 16) to base 4
1113
-1212 (base 3) to base 9
-55
What is -1 (base 9) in base 16?
-1
What is 37 (base 16) in base 9?
61
What is -35 (base 14) in base 11?
-43
What is a4 (base 16) in base 15?
ae
What is 54 (base 16) in base 7?
150
What is 1 (base 13) in base 3?
1
6 (base 15) to base 8
6
What is -57 (base 13) in base 6?
-200
What is -1023 (base 4) in base 5?
-300
5 (base 7) to base 14
5
What is -6 (base 10) in base 12?
-6
Convert -92 (base 10) to base 6.
-232
What is -1 (base 10) in base 5?
-1
Convert 325 (base 8) to base 4.
3111
What is -253 (base 7) in base 9?
-161
Convert 4 (base 16) to base 15.
4
What is -2 (base 4) in base 15?
-2
What is -1010 (base 3) in base 13?
-24
What is 32 (base 9) in base 6?
45
What is 11 (base 2) in base 7?
3
Convert 6 (base 13) to base 9.
6
What is 1000 (base 2) in base 4?
20
Convert -1010110 (base 2) to base 12.
-72
Convert 1a (base 14) to base 2.
11000
What is -6 (base 15) in base 7?
-6
-1 (base 12) to base 8
-1
-85 (base 10) to base 11
-78
1 (base 11) to base 7
1
Convert -4 (base 15) to base 12.
-4
What is -10 (base 9) in base 14?
-9
What is -199 (base 15) in base 2?
-101110001
What is -15 (base 11) in base 3?
-121
What is -9 (base 12) in base 11?
-9
1 (base 8) to base 3
1
Convert -8 (base 12) to base 9.
-8
Convert 8 (base 9) to base 13.
8
1010 (base 3) to base 6
50
What is -9 (base 16) in base 10?
-9
-6 (base 13) to base 10
-6
-1 (base 5) to base 6
-1
-a2 (base 15) to base 2
-10011000
a9 (base 12) to base 2
10000001
-3 (base 15) to base 12
-3
-3 (base 13) to base 12
-3
What is 6 (base 13) in base 4?
12
Convert 103 (base 5) to base 2.
11100
Convert 7 (base 13) to base 7.
10
What is 12 (base 5) in base 15?
7
Convert -50 (base 11) to base 15.
-3a
What is 0 (base 12) in base 2?
0
What is 6 (base 8) in base 3?
20
What is 65 (base 11) in base 8?
107
Convert 29 (base 10) to base 14.
21
54 (base 15) to base 6
211
Convert -2 (base 7) to base 11.
-2
Convert 9 (base 13) to base 9.
10
-11 (base 8) to base 2
-1001
Convert 100000 (base 2) to base 11.
2a
What is -115 (base 6) in base 12?
-3b
What is 1000 (base 2) in base 15?
8
5 (base 13) to base 12
5
Convert -111 (base 2) to base 15.
-7
Convert 2 (base 7) to base 14.
2
What is -2 (base 12) in base 11?
-2
What is 5 (base